or of n and 56?
7
Let g be (-5)/(20/(-124)) + 2. Calculate the greatest common factor of g and 33.
33
Let a(u) = 5*u**2 - 3*u. Let b be a(-3). Let h(i) = i**2 + i + 16. Let c be h(-5). Calculate the highest common divisor of c and b.
18
Suppose 7 - 2 = c. Suppose u + 5 = 3*b, -c*u - 4*b - 3 - 3 = 0. Let r be u/6 - 76/(-12). What is the highest common factor of 42 and r?
6
Let w(u) = -u**3 - 6*u**2 - 4*u - 6. Let n be w(-6). What is the greatest common factor of n and 144?
18
Let a = -7 + 11. Suppose -5*c - 5*r + 1 = -4, a*r = 2*c - 14. Let l be c*(2 - 5)/(-3). What is the highest common divisor of l and 12?
3
Suppose 4*l = 68 - 0. Let y be 3 + l - (-4 + 2). Calculate the highest common factor of 2 and y.
2
Suppose 0 = -h - 4*h + 15. Suppose -3*b = -0*b + 18. Let g = b + 12. What is the greatest common divisor of h and g?
3
Let z = 91 - -582. Suppose -z = -3*p - 5*m, 4*m = m - 12. What is the highest common divisor of p and 21?
21
Let k(b) = -b - 5. Let l be k(-6). Suppose -4*x + 4*a + 8 + 28 = 0, 2*x - 2 = -2*a. What is the highest common factor of x and l?
1
Let q(z) = z**2 + 4*z - 2. Let l be 7/(-1)*4/4. Let h be q(l). Let w(a) = 151*a**2 + 1. Let s be w(-1). What is the highest common factor of s and h?
19
Let c(q) = 5*q**3 + 2*q**2 + q - 2. Let b be c(2). Let g be (4 - 4/16)*(-3 - 1). Let l = b - g. What is the highest common divisor of 9 and l?
9
Let k be 0/1 - (-77 - 0). Suppose 0 = -4*t + 8*t - 48. Let j be (-14)/(-4)*t/6. Calculate the greatest common factor of k and j.
7
Let l be (-12)/(-8)*(-2 + 16). Calculate the greatest common factor of 168 and l.
21
Suppose -1981 = -5*z - 536. Let w = 432 - z. What is the highest common divisor of 13 and w?
13
Let w(h) = 2*h - 4. Let c be w(6). What is the greatest common factor of 4 and c?
4
Suppose 36 = q + q. Let t(a) = 5 + 3*a**2 - 2*a + 0 + 0*a**2. Let n be t(-5). What is the highest common factor of q and n?
18
Suppose 12 = 2*o - o. Calculate the greatest common factor of o and 3.
3
Let q(h) = -h**3 - 6*h**2 - h + 24. Let f be q(-5). Let o be 62/5 + (-2)/5. Calculate the greatest common divisor of o and f.
4
Suppose -r + 3*k = -32, -4*r - r - 5*k + 80 = 0. Suppose 3*s - 3*a - a - 32 = 0, 2*a = -s - 6. What is the highest common factor of r and s?
4
Let c(a) = 22*a**2 - 28*a - 16. Let y(f) = -7*f**2 + 9*f + 5. Let r(m) = -5*c(m) - 16*y(m). Let x be r(-3). Calculate the greatest common factor of x and 10.
10
Let y(f) = f**3 + 6*f**2 + 4*f + 5. Let r be y(-5). Let x = -3 + 8. Suppose 25 = x*t - 25. Calculate the greatest common factor of r and t.
10
Let g = 5 - 5. Suppose x - 16 - 1 = g. Calculate the highest common divisor of 85 and x.
17
Suppose 0 = 8*p - 9*p + 12. What is the greatest common divisor of 24 and p?
12
Suppose 4*l = 0, 0*v - 5*l = 3*v - 66. Calculate the greatest common divisor of v and 110.
22
Let r(z) = 4*z**2 + 10*z - 8. Let v be r(6). Let m be ((-12)/7)/((-2)/v). Let g = m - 104. Calculate the greatest common factor of 8 and g.
8
Let s = -5 + 8. Suppose 4*c - w = 19, 7 = -s*c + 6*w - w. Calculate the highest common divisor of c and 1.
1
Suppose t - 17 = 33. Suppose -5*b + d + t = -4*d, 3*d = -3*b + 24. Calculate the highest common factor of b and 9.
9
Let w(o) = 2*o**2 - o. Let h be w(3). Calculate the greatest common factor of 10 and h.
5
Let h = 49 + -31. Let d be 31 - (3 - 1)/(-1). Suppose v + d = 231. Calculate the highest common divisor of v and h.
18
Suppose -2*g + 0 + 2 = o, 3*o - 5*g - 17 = 0. Let x = o - 10. Let u be (-592)/x + 4/12. What is the greatest common factor of 9 and u?
9
Let r be (-6)/4*(-1 - 1). Let g be 1 + -1*r + 2. Suppose -6*j + j + 60 = g. What is the highest common factor of j and 108?
12
Suppose -r + 62 = -10. Let s = -7 + 15. What is the greatest common divisor of s and r?
8
Let u be 2/(-8) + (-10421)/(-68). Calculate the highest common divisor of u and 17.
17
Let h(i) = -8*i + 8. Let s(m) = 7*m - 7. Let r(a) = 6*h(a) + 7*s(a). Let d be r(2). Let t be d*(18 - 1) + -2. Calculate the highest common divisor of 105 and t.
15
Suppose 11*b + 315 = 16*b. Let p be 3 - 0/(1 - -1). Let v(u) = u**3 - 2*u**2 - 2. Let t be v(p). Calculate the highest common factor of t and b.
7
Let v = -17 - -28. Suppose -q + 3 + 0 = 5*n, 2*q + 5*n - v = 0. What is the highest common factor of q and 12?
4
Suppose k - 3 - 27 = 0. What is the greatest common factor of k and 10?
10
Let k = 24 + -19. Let u(s) = s - 2. Let y be u(4). Suppose 117 = k*j - y*v + 5, j - 5*v - 27 = 0. What is the highest common factor of j and 176?
22
Let t be (10/6)/((-2)/(-18)). Calculate the greatest common factor of t and 75.
15
Let j = -31 - -111. Let r = -26 - -36. What is the highest common factor of j and r?
10
Suppose -2*b + b + 16 = -q, -b + 4*q + 31 = 0. Calculate the greatest common factor of b and 1.
1
Suppose 16*u + 1 = 897. Calculate the highest common factor of u and 14.
14
Suppose -a + 69 = -4*z, 5*z - 112 - 143 = -4*a. What is the greatest common factor of a and 13?
13
Suppose 0*h = -5*g - 4*h + 40, -3*h = 3*g - 27. Suppose 0*p - 352 = -g*p. What is the greatest common divisor of 8 and p?
8
Let k be 2/(-6)*(2 + -116). Suppose 4*l + 4*i = l + k, 0 = 3*l - i - 28. Let u = 79 + -39. What is the highest common factor of u and l?
10
Suppose u + 4*u - 15 = 0, 4*i + 3*u - 17 = 0. Calculate the highest common divisor of 8 and i.
2
Suppose 0 = 5*h - 72 - 58. Calculate the greatest common divisor of h and 286.
26
Suppose 660 = 14*c - 9*c. What is the greatest common divisor of 12 and c?
12
Let y(o) = -o**2 - 2*o - 4. Let d be y(-2). Let h = d - -6. Suppose -r = -3*m + 29, m = 2*r + r + 23. Calculate the highest common factor of h and m.
2
Let k be (2 + -4)/((-2)/17). Suppose -153 = -g + 3*q, 3*g - g - 4*q = 306. What is the greatest common divisor of k and g?
17
Suppose 0 = 5*p + 142 - 507. Let t be (-8)/(-2) + -2 + p. What is the highest common factor of t and 15?
15
Suppose 5 + 4 = s - 3*g, 2*s - 2*g - 2 = 0. Let c be (-3)/(-1) + 3/s. Suppose -c*x = 4, 3*h - 28 = -0*h - x. Calculate the highest common divisor of h and 110.
10
Suppose -p + 5 = 4*p. Let f be p/4 + 7/4. Suppose 0*c + f*c - 14 = 0. Calculate the greatest common factor of 1 and c.
1
Let b = 34 - 18. What is the highest common factor of b and 24?
8
Let l(q) = -q**3 - 2*q**2 + q + 4. Let z be l(-3). Suppose 4*a - 70 = 3*a. What is the greatest common divisor of a and z?
10
Let k(r) = r**3 + 5*r**2 - 2*r + 7. Let b be 4 - (-7)/(28/(-36)). Let p be k(b). What is the highest common divisor of 85 and p?
17
Let v be 10*(-2 - (3 - 134/10)). Calculate the highest common factor of v and 42.
42
Suppose -2*i - 3*d + 45 = -0*d, d = 1. Let g be (322/i)/((-2)/(-33)). What is the greatest common divisor of g and 23?
23
Let q be 0 - 3 - 33 - 0. Let u be q/((-4)/2 - -1). What is the highest common divisor of u and 9?
9
Suppose 3*q + 5 = 5*q - r, -3 = r. Let a be (-2)/(-12) - (-20)/24. What is the highest common divisor of q and a?
1
Let u(s) = s + 5. Let v be u(-6). Let g = -1 - -2. Let c be 1 + v - (-11)/g. Calculate the highest common divisor of 99 and c.
11
Let v(x) = -5*x**3 + 3*x**2 + 2*x + 1. Let g be v(-2). Let t be (-44)/(-7) + (-14)/g. Calculate the greatest common factor of t and 30.
6
Let s(v) = v**3 - v**2 - v + 17. Let a(i) = -i**3 + 6*i**2 + i - 6. Let k be a(6). Let q be s(k). Calculate the highest common divisor of q and 153.
17
Let w(t) = 58*t - 20. Let o be w(5). Calculate the highest common divisor of 10 and o.
10
Suppose -3*h + 38 = -h. Suppose 4*o - 41 = -n, n + 4*n = -4*o + 269. Calculate the greatest common divisor of h and n.
19
Suppose 0 = -3*h - h + 48. Suppose -5*m + 37 = k - 0*k, -k = 2*m - 13. Calculate the highest common factor of h and m.
4
Let k be 0*(0 - (-3 + 2)). Let o = k - -2. What is the greatest common factor of 3 and o?
1
Let m(z) be the first derivative of 1/3*z**3 + 3 + 0*z**2 - 3*z. Let b be m(-5). Calculate the greatest common factor of b and 198.
22
Suppose 0 = 2*k - 311 - 283. Calculate the highest common divisor of 33 and k.
33
Let n = 9 + -5. Suppose 0 = 2*b - 0*b + 3*h - 249, -n*b - 5*h = -503. Suppose 3*x + 0*x = 36. What is the highest common divisor of b and x?
12
Suppose -60 = -5*z + 3*u, 0*u - 40 = -3*z + u. Calculate the greatest common factor of z and 20.
5
Let s(t) = t - 6. Let u be s(3